= o + 51, 2*o - 2*c = -18. What is the remainder when z(o) is divided by 1?
0
Let k = 44 + -10. Suppose 0 = -r + k + 7. What is the remainder when r is divided by 11?
8
Let n = 38 + -19. Calculate the remainder when 49 is divided by n.
11
Let q(c) = -c + 7. Let g be q(6). Let w = -82 - -95. Calculate the remainder when g*1/3*69 is divided by w.
10
Let b(i) = -i**2 + 6*i + 4. Suppose 3*o - 2*o + w = 7, -17 = -o - 3*w. Let g be o/(-4) - 11/(-2). Calculate the remainder when 25 is divided by b(g).
7
Let b = 35 + -15. Let u = b - 12. What is the remainder when 31 is divided by u?
7
Suppose 26 = -2*b + 4*b. Suppose c - 3 - b = 0. Suppose 50 + 40 = 3*o. What is the remainder when o is divided by c?
14
What is the remainder when (69/9)/((-5)/(-75)) is divided by 39?
37
Suppose t + 60 = -5*x + 170, -t - 16 = -x. What is the remainder when x is divided by 8?
5
Let r(d) = -d + 66. Let n be r(0). Suppose -5*o + 0*o + 5*c + 185 = 0, -4*c - n = -2*o. Calculate the remainder when o is divided by 14.
13
Let i(o) = -o - 4. Let h be i(-4). Let r be -14 - (6 + h)/(-2). What is the remainder when 450/55 + 2/r is divided by 5?
3
Suppose 0 = -3*j + 5*y - 70, 0*j - 50 = 5*j + 5*y. Let l = 60 - j. What is the remainder when l is divided by 19?
18
Let g = -7 + 11. Let w = 5 - g. Calculate the remainder when w is divided by 3/1 + 1 + -3.
0
What is the remainder when 208 is divided by 4/(-18) - -634*3/54?
33
Let x(q) = q**3 + 23*q**2 - 28*q - 15. What is the remainder when x(-24) is divided by 28?
25
Suppose -3*u = -65 - 4. What is the remainder when u is divided by 2 + -1 - -7*1?
7
Let b(v) = v**2 + v + 7. Calculate the remainder when 13 is divided by b(0).
6
Suppose -36 = -p - 2*p. Suppose 2*o - 6 = 5*o. Let m(i) = 9*i**2 - 2. What is the remainder when m(o) is divided by p?
10
Let n = -32 - -81. Suppose -4*f + 8*f + 2*a + 16 = 0, 9 = -f - 3*a. Let m(v) = -v**3 - v**2 + v + 2. Calculate the remainder when n is divided by m(f).
15
Let b(q) be the third derivative of 2/3*q**3 + 0*q - 2*q**2 + 0 + 1/6*q**4 + 1/10*q**5. Calculate the remainder when b(-3) is divided by 16.
14
Calculate the remainder when (7 - 9) + 36/1 is divided by 20.
14
Let u be (-13)/(-3) + 1/(-3). Suppose -25 = -u*d + 67. Calculate the remainder when d is divided by 2 - (4*-3 + 2).
11
Let t be 94/(-4) + (-1)/2. Let y = 54 + t. Suppose 3*h = y + 9. Calculate the remainder when h is divided by 7.
6
Let w = -14 - -30. Calculate the remainder when 27/2*10/3 is divided by w.
13
Let j = -10 - -14. Suppose -2*r = -j - 16. Let x = -48 - -77. Calculate the remainder when x is divided by r.
9
Suppose -2*d - 2 = -0*d + 4*z, 0 = 3*d + 4*z - 1. What is the remainder when 9/d - -8 - -2 is divided by 7/((3 - 1) + -1)?
6
Let p = 6 + -2. Suppose 5*x = p*x + 3. Suppose -x*f = 15, 0*f = 5*g + 3*f - 10. What is the remainder when 9 is divided by g?
4
Suppose -5*x = 4*j - 385, 0 = -2*j - 3*j + 4*x + 430. What is the remainder when j is divided by 47?
43
Suppose 0*w - 85 = -5*w. What is the remainder when 31 is divided by w?
14
Let t be (5 - 15) + (-4)/(-1). Let n(f) be the second derivative of -f**3/6 + f. What is the remainder when 11 is divided by n(t)?
5
Suppose -a - 4 - 1 = -o, -4*a - 8 = 2*o. Let r be o*(19/2 - 1). Suppose 5*k - 28 - r = 0. Calculate the remainder when 33 is divided by k.
6
Let b be 1*(4 - (2 + -1)). Suppose -b*f + 41 = -2*f. Calculate the remainder when f is divided by 14.
13
Let m(q) = -q**3 + 6*q**2 + 7*q - 8. Suppose h + 5 = 2*u + 13, 0 = 3*h + 2*u - 16. Calculate the remainder when m(h) is divided by 12.
10
Suppose y = 4*y - 5*d - 36, -2*d = 6. Suppose 3*v = 2*v + y. What is the remainder when v is divided by 2?
1
What is the remainder when 4 is divided by (1/3)/((-8)/(-48))?
0
Let n = -31 + 62. What is the remainder when n is divided by 18?
13
Let t be 4/(12/(-15))*3. Let f = -7 - t. What is the remainder when 14 is divided by f?
6
Let u = -6 - -11. Suppose u*i - 9 = 4*i. Calculate the remainder when 25 is divided by i.
7
Suppose 4*v - 5*u - 37 = 0, -2*v + 17 = -3*u - 4. Suppose -2*k - 2*n + 174 = v*k, -n = 3*k - 104. Calculate the remainder when k is divided by 12.
10
Let b = 132 + -91. Let l(u) = u**2 - 10*u + 23. What is the remainder when b is divided by l(9)?
13
Let j = 4 + 1. Suppose -j*i + 2*i + 3 = -g, 3 = -2*g + 5*i. What is the remainder when (1/2)/(4/136) is divided by g?
5
Suppose 0 = -r - 0*r. Calculate the remainder when 0/(-1) - (0 + -16) is divided by (r + 15)*(-10)/(-25).
4
Let c(t) = -12*t**3 + 5*t + 4. What is the remainder when 74 is divided by c(-1)?
8
Suppose x - 29 = 12. What is the remainder when x is divided by 14?
13
Suppose 6*j + 116 = 2*k + 4*j, 2*k - 3*j - 119 = 0. What is the remainder when 217 is divided by k?
52
Let x(y) be the third derivative of -1/60*y**5 - 1/6*y**3 - 2*y**2 + 0*y + 0 - 1/6*y**4. What is the remainder when x(-3) is divided by 2?
0
Let p(n) = n**2 + 11*n - 9. Let g be p(-12). Let w(u) = u + 2. Calculate the remainder when -2 - (-5 - g - -2) is divided by w(0).
0
Suppose 0 = 2*q + 1 - 7. Suppose -5*o - 5*l = -35, 2*o + 0 = q*l - 1. Suppose -2*x + o*x - 24 = 0. Calculate the remainder when 23 is divided by x.
11
Let o(t) = t + 5. What is the remainder when 28 is divided by o(5)?
8
Suppose 0 = o - 7 + 2. Suppose -o*x = -21 - 119. Calculate the remainder when 82 is divided by x.
26
Let m = 5 + 3. Suppose 5*g + 5 = -0*g. Let a = g + m. What is the remainder when 19 is divided by a?
5
Let q = 14 - 10. Suppose -34 = -q*f - 2*p, 2*f - p - 39 = -3*f. Suppose j + 2*j - 50 = -2*i, -2*j = -f. Calculate the remainder when 56 is divided by i.
18
Suppose -2 = -g, 2*q + 3*g = 218 + 8. Calculate the remainder when q is divided by 28.
26
What is the remainder when 51 + (5 - 15/5) is divided by 18?
17
Let q = -25 + 9. Let m = q - -71. Let x = 31 + -12. Calculate the remainder when m is divided by x.
17
Let t be (-5)/((-2 - -5)/3). Let n(c) = -8*c + 5. What is the remainder when n(t) is divided by 12?
9
Let o = -11 - -19. Let v = 15 - o. Let q = 15 - -4. What is the remainder when q is divided by v?
5
Calculate the remainder when 61 is divided by (7/4)/((-7)/(-84)).
19
Let o be 1/7 - 646/14. Let h be 8/28 + o/14. Calculate the remainder when 5 is divided by 1/1 + (h - -4).
1
Let d(t) = -8*t**3 + 2*t**2 + 5*t + 9. Calculate the remainder when d(-2) is divided by 19.
14
Let x(t) = 2*t**3 - 21*t**2 + 9*t + 20. Let f = 7 + 11. Calculate the remainder when f is divided by x(10).
8
What is the remainder when (-3 - 10)*(1 + -2) is divided by 8?
5
Suppose -y = -4*t - 9 + 25, -5*y - 4*t + 40 = 0. What is the remainder when 4 is divided by y + 3/(-1) + 2?
1
Calculate the remainder when (2/4)/((-1)/(-210)) is divided by 27.
24
Let w(i) = 3*i**2 - 6*i + 1. Let q be w(4). Suppose r = -3*y + q, y + 5*r = 2*r - 5. What is the remainder when 3 is divided by y/(-4)*(-12)/15?
1
What is the remainder when 3 + ((-2)/6 - (-580)/30) is divided by 11?
0
Let u be 20/(-25)*(-5)/2. Suppose -u*p - 6 = -4*p. Suppose p*z - 54 = -6. Calculate the remainder when 46 is divided by z.
14
Let l(m) = -12*m - 4. Let k be 18/4*4/(-3). Let j be l(k). Suppose 3*g - 18 = 4*a + 34, 4*a = -3*g + j. What is the remainder when g is divided by 7?
6
Suppose r + 40 = 5*p, 7*p + 5*r - 70 = 2*p. Calculate the remainder when p is divided by 4.
1
Suppose 23*i - 20*i - 81 = 0. Calculate the remainder when i is divided by 5.
2
Let o(i) = i**3 - 2*i**2 - 4*i - 5. What is the remainder when (-48)/(-9)*3 + (-8)/(-2) is divided by o(4)?
9
Let s(x) = x**2 - 9*x - 5. Suppose 3*j - 10 = -4*p + 12, j + 3*p - 4 = 0. What is the remainder when s(j) is divided by 4?
1
Suppose 2*w - 16 = 5*m, 4*m - 6 = -w + 2. What is the remainder when 70 is divided by w?
6
Let l(j) = -10*j - 6. Let x be (-126)/8 + (-1)/4. Let t = -1 - x. What is the remainder when l(-5) is divided by t?
14
Let h(j) be the third derivative of -7*j**4/24 - j**3/6 - j**2. Let t be h(4). What is the remainder when -1 + -2*t/2 is divided by 10?
8
Let q(n) = 8*n. Let t be q(5). Suppose t = 3*v + v. Suppose 0 = 2*z - 11 - 1. What is the remainder when v is divided by z?
4
Let a = 11 - 4. Let o(d) = -d**2 - 5*d. Let r be o(-4). Suppose 6 + 7 = r*l + s, 5*s - 5 = 0. What is the remainder when a is divided by l?
1
Suppose 12 = -3*m, 3*m = -4*p + 2 + 2. Suppose -5*